s the ten thousands digit of 96653?
9
What is the ten thousands digit of 3388021?
8
What is the hundreds digit of 498181?
1
What is the thousands digit of 297231?
7
What is the ten thousands digit of 613323?
1
What is the millions digit of 17198160?
7
What is the tens digit of 765841?
4
What is the units digit of 156081?
1
What is the tens digit of 299644?
4
What is the hundreds digit of 9156774?
7
What is the hundreds digit of 182008?
0
What is the hundred thousands digit of 6457235?
4
What is the hundred thousands digit of 2274860?
2
What is the tens digit of 124202?
0
What is the thousands digit of 766239?
6
What is the hundreds digit of 13033783?
7
What is the hundred thousands digit of 5982692?
9
What is the units digit of 11886308?
8
What is the units digit of 4466727?
7
What is the millions digit of 1875308?
1
What is the ten thousands digit of 943585?
4
What is the ten thousands digit of 65413?
6
What is the hundred thousands digit of 1911022?
9
What is the tens digit of 11168814?
1
What is the units digit of 3581815?
5
What is the ten thousands digit of 310601?
1
What is the hundreds digit of 1127587?
5
What is the units digit of 274264?
4
What is the hundred thousands digit of 4430104?
4
What is the ten thousands digit of 229588?
2
What is the ten thousands digit of 178485?
7
What is the units digit of 1046398?
8
What is the units digit of 1747427?
7
What is the millions digit of 2685984?
2
What is the tens digit of 2801398?
9
What is the ten thousands digit of 27339?
2
What is the millions digit of 1496539?
1
What is the units digit of 44262?
2
What is the hundred thousands digit of 1120888?
1
What is the hundreds digit of 31605820?
8
What is the ten thousands digit of 489005?
8
What is the ten thousands digit of 1187440?
8
What is the ten thousands digit of 450226?
5
What is the hundred thousands digit of 3870167?
8
What is the ten thousands digit of 130073?
3
What is the thousands digit of 380907?
0
What is the thousands digit of 4374326?
4
What is the hundred thousands digit of 6801538?
8
What is the tens digit of 1604524?
2
What is the thousands digit of 11455757?
5
What is the hundred thousands digit of 157376?
1
What is the units digit of 1189773?
3
What is the hundreds digit of 412235?
2
What is the tens digit of 242103?
0
What is the thousands digit of 501877?
1
What is the thousands digit of 396519?
6
What is the units digit of 257119?
9
What is the tens digit of 5383118?
1
What is the ten thousands digit of 20730?
2
What is the ten thousands digit of 1468059?
6
What is the ten thousands digit of 7531010?
3
What is the hundreds digit of 870826?
8
What is the tens digit of 1191678?
7
What is the millions digit of 9623373?
9
What is the hundreds digit of 2395620?
6
What is the tens digit of 4525774?
7
What is the hundreds digit of 11860979?
9
What is the hundred thousands digit of 261597?
2
What is the hundreds digit of 2325461?
4
What is the hundreds digit of 1955756?
7
What is the units digit of 2150048?
8
What is the ten thousands digit of 647806?
4
What is the ten thousands digit of 692086?
9
What is the units digit of 727632?
2
What is the millions digit of 2061789?
2
What is the units digit of 430586?
6
What is the ten millions digit of 13339069?
1
What is the hundreds digit of 149490?
4
What is the hundreds digit of 30940?
9
What is the ten thousands digit of 21058559?
5
What is the ten thousands digit of 342026?
4
What is the tens digit of 3982209?
0
What is the thousands digit of 1212369?
2
What is the ten thousands digit of 153050?
5
What is the ten millions digit of 15565751?
1
What is the thousands digit of 70625?
0
What is the ten thousands digit of 187226?
8
What is the ten thousands digit of 1047222?
4
What is the hundred thousands digit of 949778?
9
What is the units digit of 20189236?
6
What is the ten thousands digit of 14418797?
1
What is the thousands digit of 105974?
5
What is the units digit of 200205?
5
What is the ten thousands digit of 150521?
5
What is the hundreds digit of 389436?
4
What is the hundreds digit of 4354?
3
What is the units digit of 363762?
2
What is the tens digit of 167597?
9
What is the millions digit of 3189647?
3
What is the thousands digit of 2940969?
0
What is the ten thousands digit of 279763?
7
What is the tens digit of 245859?
5
What is the ten thousands digit of 4601999?
0
What is the ten thousands digit of 5569277?
6
What is the tens digit of 13915860?
6
What is the thousands digit of 252791?
2
What is the units digit of 4092908?
8
What is the ten thousands digit of 390685?
9
What is the hundreds digit of 4251818?
8
What is the ten thousands digit of 6673693?
7
What is the units digit of 18256409?
9
What is the ten thousands digit of 1157081?
5
What is the hundred thousands digit of 15299723?
2
What is the tens digit of 20329071?
7
What is the units digit of 98921?
1
What is the ten thousands digit of 1268699?
6
What is the ten thousands digit of 78719?
7
What is the units digit of 2950562?
2
What is the ten millions digit of 15722103?
1
What is the ten millions digit of 17297184?
1
What is the tens digit of 336731?
3
What is the ten thousands digit of 611149?
1
What is the hundreds digit of 41064?
0
What is the ten thousands digit of 2266799?
6
What is the units digit of 2816191?
1
What is the hundreds digit of 11906693?
6
What is the ten thousands digit of 8756404?
5
What is the thousands digit of 318983?
8
What is the hundreds digit of 11417020?
0
What is the units digit of 4672017?
7
What is the tens digit of 364218?
1
What is the hundreds digit of 3477587?
5
What is the hundred thousands digit of 294740?
2
What is the tens digit of 39953843?
4
What is the tens digit of 9919040?
4
What is the hundred thousands digit of 4984666?
9
What is the units digit of 212732?
2
What is the tens digit of 28645?
4
What is the tens digit of 17133266?
6
What is the hundred thousands digit of 502203?
5
What is the thousands digit of 227806?
7
What is the thousands digit of 1972179?
2
What is the hundreds digit of 773939?
9
What is the hundred thousands digit of 115477?
1
What is the millions digit of 4612415?
4
What is the hundred thousands digit of 781132?
7
What is the tens digit of 486293?
9
What is the ten thousands digit of 821876?
2
What is the hundreds digit of 4872968?
9
What is the hundreds digit of 7591180?
1
What is the thousands digit of 19581?
9
What is the millions digit of 16026684?
6
What is the thousands digit of 2402545?
2
What is the hundred thousands digit of 249904?
2
What is the units digit of 4114017?
7
What is the hundred thousands digit of 19190440?
1
What is the units digit of 790870?
0
What is the ten thousands digit of 240382?
4
What is the tens digit of 4646444?
4
What is the units digit of 1610330?
0
What is the hundreds digit of 69330?
3
What is the tens digit of 573967?
6
What is the thousands digit of 1369639?
9
What is the units digit of 13119797?
7
What is the tens digit of 2741533?
3
What is the hundred thousands digit of 168318?
1
What is the thousands digit of 20858899?
8
What is the thousands digit of 2298301?
8
What is the ten thousands digit of 4245855?
4
What is the hundred thousands digit of 6980795?
9
What is the hundreds digit of 9776833?
8
What is the hundreds digit of 932996?
9
What is the hundred thousands digit of 15746515?
7
What is the ten thousands digit of 3582954?
8
What is the hundred thousands digit of 214368?
2
What is the hundred thousands digit of 1872252?
8
What is the thousands digit of 3298199?
8
What is the hundreds digit of 6252834?
8
What is the units digit of 21431905?
5
What is the hundred thousands digit of 298034?
2
What is the thousands digit of 107589?
7
What is the millions digit of 1877076?
1
What is the tens digit of 2340550?
5
What is the ten thousands digit of 140036?
4
What is the hundred thousands digit of 2361476?
3
What is the tens digit of 677412?
1
What is the thousands digit of 845524?
5
What is the ten thousands digit of 3088420?
8
What is the tens digit of 469238?
3
What is the units digit of 29271?
1
What is the units digit of 17609000?
0
What is the thousands digit of 746651?
6
What is the hundreds digit of 27390891?
8
What is the ten thousands digit of 86636?
8
What is the units digit of 734701?